n base 14?
-b7a7
What is -525485 (base 15) in base 16?
-3bc0f9
What is 1002351430 (base 6) in base 13?
2162313
22122142 (base 5) to base 9
322544
Convert 33a041 (base 14) to base 3.
10022020002002
Convert -22320535 (base 8) to base 9.
-10064226
740a2 (base 11) to base 15
21e9d
Convert 757223 (base 10) to base 4.
2320313213
Convert 1122100202 (base 3) to base 15.
98ae
What is -433023 (base 7) in base 15?
-1756c
Convert -10585746 (base 9) to base 2.
-10011100101101001101100
Convert 703a0 (base 14) to base 4.
1001311020
What is -132201331 (base 4) in base 6?
-2402541
Convert 13470112 (base 9) to base 8.
31316663
1110101110011111111110 (base 2) to base 6
214424330
-1725735 (base 8) to base 6
-14435313
-5a241 (base 12) to base 7
-1013431
Convert -40330100 (base 5) to base 9.
-543120
What is -8fdf3 (base 16) in base 8?
-2176763
Convert 110213221 (base 5) to base 11.
2a5743
-99b533 (base 14) to base 13
-1108a01
-2b49c (base 14) to base 11
-74106
What is 8a4b69 (base 15) in base 7?
110035116
What is 26b91 (base 16) in base 13?
57269
-58566 (base 14) to base 6
-4335502
2402123 (base 6) to base 15
27019
Convert 47144 (base 16) to base 13.
a2695
What is 21b66 (base 15) in base 5?
11412241
1b3932a (base 13) to base 2
100010011001011011000111
-103425045 (base 6) to base 15
-2696ae
Convert -163602352 (base 7) to base 12.
-38a28ba
What is 2076232 (base 8) in base 12?
229a4a
Convert -9369631 (base 10) to base 8.
-43574037
Convert -54111 (base 14) to base 5.
-23001032
Convert -4013562 (base 11) to base 2.
-11011000110110000001111
Convert -86a3 (base 11) to base 13.
-52c8
-65553265 (base 7) to base 4
-111131231131
11111101110100101000111 (base 2) to base 9
16576114
110445 (base 11) to base 4
223001201
Convert -1010101101100101111 (base 2) to base 9.
-584455
Convert 3665624 (base 8) to base 12.
4089b0
What is 230102132201 (base 4) in base 8?
54223641
Convert 11025235 (base 7) to base 2.
11100111011001111001
What is -11010001010111100111101 (base 2) in base 15?
-907b8a
What is 3a961f (base 16) in base 13?
a45808
11101010110001010010 (base 2) to base 15
13edcd
-2505520 (base 6) to base 5
-13232324
What is -cd19b8 (base 14) in base 4?
-122202232032
Convert 279a3 (base 11) to base 5.
2233201
What is 101011001101001110100110 (base 2) in base 5?
10344420444
Convert -322704 (base 8) to base 15.
-21ed2
What is 611632 (base 9) in base 11?
228061
What is 110033210 (base 4) in base 2?
10100001111100100
-442007 (base 8) to base 5
-14222422
3033323222 (base 5) to base 4
113131320013
What is 4092bb (base 14) in base 15?
2ced84
Convert 16002106 (base 7) to base 5.
342431203
Convert -41455235 (base 6) to base 5.
-302031114
-561542 (base 7) to base 3
-12000212212
Convert 122012221012210 (base 3) to base 11.
5190558
Convert -5988 (base 12) to base 14.
-3932
360009a (base 11) to base 10
6281098
-3718 (base 14) to base 8
-22632
Convert -6ab1 (base 13) to base 3.
-202121011
What is 85395 (base 11) in base 16?
1e55a
Convert -100101100100101011110 (base 2) to base 13.
-341527
-41313140 (base 5) to base 14
-8b53b
Convert 84bb8 (base 12) to base 3.
22212101212
What is 11110110000100011110110 (base 2) in base 7?
125351636
-7759044 (base 10) to base 8
-35462304
What is 663a6a (base 15) in base 12?
176b877
-15954 (base 16) to base 7
-515511
Convert -2165037 (base 8) to base 15.
-b8183
What is 145237 (base 9) in base 11?
60a71
Convert -1635710 (base 11) to base 12.
-b2621b
What is 5dd49 (base 14) in base 12?
b1391
-20111220 (base 3) to base 14
-1a33
Convert -20522 (base 10) to base 3.
-1001011002
Convert 29645 (base 12) to base 5.
3323231
Convert 20cb7 (base 15) to base 13.
38515
Convert -162084 (base 10) to base 2.
-100111100100100100
-10a2a6c (base 13) to base 4
-103201222001
What is 56736 (base 9) in base 11?
26425
Convert 105422502 (base 6) to base 8.
7333106
What is -96657 (base 10) in base 5?
-11043112
What is 108ca (base 16) in base 11?
46a24
What is -10100020222110 (base 3) in base 14?
-343610
What is 573660 (base 16) in base 6?
322300520
Convert -70355 (base 8) to base 5.
-1411114
What is -113316333 (base 7) in base 2?
-11010101100000101110110
-1199909 (base 10) to base 6
-41415045
What is 60598 (base 13) in base 8?
520460
What is -202011020021 (base 3) in base 9?
-664207
33122343 (base 5) to base 14
76309
What is -82699 (base 12) in base 13?
-5c6ac
Convert 16332732 (base 10) to base 3.
1010201210022000
-3353665 (base 7) to base 2
-1100101101111100111
Convert 1e362 (base 16) to base 7.
1023530
Convert -2011021201000 (base 3) to base 6.
-40331130
Convert 14753472 (base 8) to base 13.
91c521
What is 921813 (base 10) in base 12?
385559
715d62 (base 15) to base 2
10100100010111110011110
What is -423432 (base 13) in base 7?
-16112535
Convert -36551034 (base 7) to base 8.
-14370343
Convert -3cc24 (base 14) to base 7.
-1164644
What is -959f3 (base 16) in base 13?
-185c45
Convert 8710a (base 11) to base 4.
132321300
1202012220121 (base 3) to base 2
11100010111010000010
Convert -294513 (base 12) to base 14.
-14023d
1140320411 (base 5) to base 2
1010001011000111100101
Convert -b67479 (base 12) to base 9.
-5360753
-10351243 (base 7) to base 4
-3120122221
Convert -131212203 (base 4) to base 10.
-121251
2023123002 (base 4) to base 2
10001011011011000010
-1134361 (base 7) to base 8
-427565
What is -4607137 (base 9) in base 8?
-11366034
a71438 (base 12) to base 13
713975
What is 778612 (base 11) in base 2?
100101111000010001111
What is -2024330 (base 7) in base 3?
-110021110122
-16670 (base 14) to base 5
-3244104
-1212120000010 (base 3) to base 11
-61a696
What is -136886 (base 14) in base 13?
-1a6696
What is 10100102120212 (base 3) in base 14?
34492d
Convert -5dbca (base 15) to base 12.
-125501
Convert -2298052 (base 10) to base 5.
-1042014202
-705579 (base 10) to base 3
-1022211212120
Convert -34aa180 (base 11) to base 5.
-3031300231
What is -7425486 (base 9) in base 8?
-17120514
What is -17a2 (base 11) in base 15?
-a2a
What is 11414340 (base 5) in base 11?
73820
-4277508 (base 9) to base 16
-230609
What is 63694 (base 14) in base 11?
154383
What is 30cb2 (base 14) in base 9?
188470
What is 51282d (base 15) in base 14?
7253d3
Convert 4d6124 (base 14) to base 16.
28b384
What is 116072 (base 10) in base 11?
7a230
204571 (base 9) to base 14
323b5
Convert -33323211 (base 5) to base 15.
-5b921
Convert 4363a (base 16) to base 12.
1138a2
Convert 826761 (base 10) to base 3.
1120000002210
-3143231 (base 8) to base 7
-10055013
10202211010 (base 3) to base 7
426255
168713 (base 9) to base 16
1997a
What is -4330441 (base 5) in base 7?
-425240
-525253 (base 6) to base 7
-235236
Convert 2041042 (base 5) to base 9.
51443
-210001100 (base 6) to base 13
-9a5705
What is -650104 (base 8) in base 15?
-44521
What is -6388a3 (base 15) in base 3?
-22220200001100
-1b9a77 (base 13) to base 14
-14593b
110001100001101111100 (base 2) to base 14
303620
What is -1462c7 (base 15) in base 16?
-efeea
What is -79c2c (base 14) in base 11?
-192431
What is -6558894 (base 11) in base 6?
-1050523121
What is 11300224 (base 5) in base 9?
166484
-1799622 (base 13) to base 16
-758cac
What is -34467603 (base 8) in base 16?
-726f83
-6234205 (base 8) to base 4
-12103202011
What is -a40ba (base 16) in base 6?
-22222442
353220521 (base 6) to base 2
11001001010100011100001
1152745 (base 8) to base 12
133485
What is 2082dd (base 15) in base 6?
53051144
What is -15a38 (base 12) in base 11?
-21205
What is -a19239 (base 13) in base 4?
-32112113302
What is 23b81 (base 14) in base 4?
111110211
What is -5044513 (base 8) in base 7?
-14205021
-1134a86 (base 13) to base 12
-1933a59
Convert ad64 (base 16) to base 12.
21830
What is -166044 (base 8) in base 2?
-1110110000100100
21031332231 (base 4) to base 15
32b03c
-122121011001110 (base 3) to base 9
-18534043
Convert 10082288 (base 9) to base 13.
1004930
-215b8 (base 15) to base 10
-105923
-10080363 (base 9) to base 3
-100002200102010
What is -1551251 (base 6) in base 10?
-92335
Convert 7048177 (base 9) to base 2.
1110010100000101111010
What is -324184 (base 10) in base 6?
-10540504
Convert 3223300103 (base 4) to base 2.
11101011110000010011
What is -100535d (base 14) in base 12?
-2639847
Convert 31023010 (base 5) to base 11.
162065
What is 1230400 (base 5) in base 2?
101110100101010
What is 1000021